 What is the greatest common factor of 230 and d?
46
Suppose 13 = c - 18. Let m be 2*(-2)/(-4)*23. Suppose x - m = c. What is the highest common divisor of 6 and x?
6
Suppose 72 = c + 2*c. Let y(s) = 10*s**2 - s - 3. Let t be y(-1). What is the highest common divisor of t and c?
8
Suppose 4 = x - 2. Suppose 0 = 3*r - 33 + x. Let h be (r/1)/((-6)/(-4)). What is the highest common factor of 12 and h?
6
Let t = -18 + 32. Suppose 0 = -2*p - 5*q + 137, 199 = -2*p + 6*p - 5*q. Let y = p + -21. Calculate the greatest common divisor of t and y.
7
Suppose 5*g = -2 - 13, -2*g = 2*f - 10. Let y be ((-8)/10)/(5/(-50)). Calculate the greatest common divisor of y and f.
8
Suppose -2*k = -9*k + 294. Suppose 2*f - k = -0*f. Calculate the highest common divisor of f and 231.
21
Suppose 2*a - n + 9 = 34, -a - 2*n + 20 = 0. Let j = a - 9. Let b be 503/j + (-3)/5. Calculate the greatest common factor of 10 and b.
10
Let y = -10 + 10. Let s be (1 + y)/((-4)/(-28)). Suppose -65 = -3*o + s. Calculate the highest common divisor of 192 and o.
24
Suppose -175 = -108*i + 107*i. Let r = i + -173. What is the highest common divisor of 14 and r?
2
Let l be (-7 - -4)/(-1) + -7 - -23. What is the highest common divisor of 38 and l?
19
Let f = 342 - 316. What is the highest common factor of 2 and f?
2
Let s = -9 + 6. Let m be s/(-6)*(-5 + -5). Let g = m + 18. What is the greatest common divisor of g and 65?
13
Suppose 35*p - 4725 = 28*p. Calculate the greatest common divisor of 50 and p.
25
Suppose 3*u - 6 = -2*y + 46, 44 = 3*u + 4*y. Calculate the greatest common factor of u and 32.
4
Suppose m = 1, 0*m = -l - 3*m - 3. Let w be (-2)/6 + (-158)/l. Suppose 9*y - 156 = 5*y. What is the highest common divisor of w and y?
13
Suppose 550*f - 551*f + 783 = 0. Calculate the highest common factor of f and 81.
27
Suppose 0 = -6*i + 10*i - 3*m - 393, 0 = -3*i + m + 296. Calculate the greatest common divisor of i and 231.
33
Let q(z) = 3*z + 1. Let l be q(3). Let v be (-2)/(((-21)/6)/7). Let d be 15/l + 94/v. What is the highest common divisor of 175 and d?
25
Let d(j) be the third derivative of -5*j**4/24 + 33*j**3 + 4*j**2 + j. Let v be d(0). Let u = 7 + 15. Calculate the greatest common factor of u and v.
22
Suppose 13*u + 461 = 3698. Calculate the highest common divisor of 664 and u.
83
Let w(u) = u**2 + 4*u + 1. Let g = -15 - -4. Let n be w(g). What is the highest common divisor of 26 and n?
26
Let p(l) = -25*l + 35. Let z be p(-5). Calculate the greatest common divisor of 40 and z.
40
Let a(k) = k**2 + k + 3. Let s be a(3). Suppose -o = -y - 4*y + 3, -5*y = -5. Let j be (495/18)/(o/12). What is the greatest common factor of j and s?
15
Let t = -181 - -91. Let r = -62 - t. What is the greatest common factor of 4 and r?
4
Suppose -3*u = 2*u - 330. Suppose 5*n - 55 = 5*w, -n = -2*n + 4*w + 26. Calculate the greatest common divisor of u and n.
6
Suppose -x - 2*r + 48 = 0, 7*x - 195 = 2*x + 5*r. Suppose 0*f = 2*f - 24. Let g = f + -6. What is the highest common factor of g and x?
6
Let n(c) = 1 + 0 + 1 + 8*c**2 + 3*c**2 - 3*c. Let u be n(1). What is the highest common divisor of 1 and u?
1
Let k be 3/18 - 3742/(-12). What is the highest common divisor of 91 and k?
13
Suppose -3*j = 5*t - 17, -4 = -t + 5*t - 2*j. Suppose 0 = v - t - 2. What is the greatest common factor of v and 2?
1
Suppose -14 + 2 = -2*b. Suppose -u - 5*d = -4*d - 21, -5*u + 3*d + 105 = 0. Calculate the greatest common factor of u and b.
3
Let s(p) = -7*p**3 + 2*p**2 + 18*p - 19. Let z be s(-6). Calculate the greatest common divisor of z and 62.
31
Let a = -26 + 53. Let i(y) be the third derivative of y**4/8 + 18*y**3 + 6*y**2. Let q be i(0). What is the highest common divisor of a and q?
27
Let s = -9 - 17. Let f be ((-39)/s)/(1/6). Calculate the highest common divisor of f and 45.
9
Suppose 6*q - 648 = -3*q. What is the greatest common factor of q and 108?
36
Let n(h) = 12*h + 6. Let r be n(1). Let x be 3 - (3/(-15) + (-238)/10). Calculate the greatest common factor of x and r.
9
Let v = 106 + -105. Calculate the highest common divisor of 16 and v.
1
Suppose 196 + 24 = 11*w. What is the highest common factor of w and 90?
10
Let t = 557 - 527. What is the highest common divisor of 9 and t?
3
Let c be 122 - 0 - (-24)/(-24). Calculate the highest common divisor of c and 22.
11
Suppose l - 4*x + 32 = 2*l, x = 5. Suppose -l = b - 49. What is the highest common factor of b and 333?
37
Let o = 335 - 310. Let b be 2 + 3/(1 - 0). Suppose 2 = b*n - 23. What is the greatest common factor of n and o?
5
Suppose 14*y - 233 = -51. Calculate the highest common divisor of 533 and y.
13
Suppose 2*w - 4*w = 0. Suppose t + 1 = w, 4*t - t - 61 = -i. Let x = 5 - -3. Calculate the highest common divisor of x and i.
8
Suppose 2*o = -t + 36, 5*o + 5*t - t = 93. Let n(k) = 18*k - 9. Let p be n(9). Calculate the highest common factor of o and p.
17
Let l(z) = -5*z - 5. Let n(j) = -2*j + 4. Let r = 3 + 0. Let p be n(r). Let u be l(p). What is the highest common divisor of u and 5?
5
Let g be ((-25)/(-10))/(10/8). What is the highest common factor of 14 and g?
2
Let d be (6 + -9)*(-8)/6. Suppose -5*a - 5*k + 598 = -d*k, 3*a - 4*k = 345. Calculate the greatest common divisor of 17 and a.
17
Let i be 2/1*30/(-12)*-1. Suppose 23 = 2*z - 0*z - h, 4*z - i*h = 55. What is the greatest common factor of z and 5?
5
Suppose 74*i - 83*i = -630. What is the greatest common factor of i and 14?
14
Let c = 4 + 0. Let l be 2/((-6)/(-33)) - (-5 - -1). Suppose -5*z = c*t - 15, 5*z - l = 4*t - t. Calculate the greatest common divisor of 27 and z.
3
Let a be 63 + 6/(-4)*22/33. Calculate the highest common factor of a and 10.
2
Suppose 0 = 16*g + 1369 - 7401. Calculate the highest common divisor of g and 78.
13
Let z = 17 - 7. Let v(w) = -4*w - 10. Suppose -3*c - 2*c + 5*j = 75, 3*c + 4*j = -10. Let d be v(c). What is the greatest common divisor of z and d?
10
Let r = 7 + 0. Suppose 3*d + r = -11. Let h(o) = 3*o**2 - 4*o + 3. Let v be h(d). Calculate the greatest common divisor of v and 27.
27
Let q = -40 + 48. Let k(f) = 2*f**2 + 34*f + 38. Let g be k(-16). What is the greatest common factor of q and g?
2
Let f be ((-4950)/(-24))/(21/56). Calculate the highest common divisor of 22 and f.
22
Let q(t) = 3*t**3 + t. Let p be q(1). Suppose 4*g + 34 = b + p*b, 2*b + g = 11. Let a be (-1)/(-3)*3/(-1)*-9. Calculate the greatest common factor of a and b.
3
Let m(x) = -x**3 - 16*x**2 - 4*x - 36. Let h be m(-16). Calculate the greatest common divisor of 48 and h.
4
Let c(s) = s**3 - s**2 - 36*s + 10. Let b be c(8). Calculate the highest common factor of 17 and b.
17
Let z be 4/7*(-70)/(-20). What is the highest common divisor of 16 and z?
2
Suppose 0*c - 278 = -4*n - 3*c, -n + 5*c + 58 = 0. Suppose 0*q + q - 44 = -3*r, 5*r - q - n = 0. Calculate the highest common factor of 14 and r.
14
Let i = 95 + -52. Suppose 902 = 9*y - i. What is the greatest common divisor of 15 and y?
15
Let y(d) = 14*d**3 - 6*d**2 + 4*d + 8. Let k be y(2). Calculate the greatest common factor of k and 13.
13
Let t(v) = 57*v**2 - 3*v. Let l be t(1). Calculate the greatest common divisor of l and 135.
27
Suppose 6 = 5*w - 4. Suppose 0 = 13*i - 14 - 12. Calculate the highest common divisor of w and i.
2
Let j be 6/(-4) + 207/6. Suppose 0 = -5*f - 2*a + 56, 4*a - 95 = -5*f - j. Suppose 0 = -0*t - 5*t + f. Calculate the highest common divisor of 1 and t.
1
Let f = -6 - -9. Let b(x) = x + 3*x + 5 - 7. Let j be b(f). What is the highest common divisor of j and 110?
10
Let b(a) = a - 1. Let x(k) = 158*k - 4. Let l(r) = -5*b(r) + x(r). Let q be l(1). What is the greatest common divisor of 14 and q?
14
Let m be 2 + -69 + 4*1. Let d = -45 - m. What is the highest common factor of d and 12?
6
Suppose c + 82 = 2*j, -44*j + 140 = -39*j + 4*c. Let p = -71 + 50. Let m = -9 - p. Calculate the highest common factor of m and j.
12
Suppose 2*v - 47 = q - 2*q, -4*q = 5*v - 119. Let u(i) = 206*i**2 + 1. Let s be u(-1). Calculate the greatest common divisor of v and s.
23
Let c be (1*-5 - (-6 + 2))*10. Let n be -1*(-12)/c*130/(-39). What is the greatest common factor of n and 4?
4
Suppose 0 = 2*v + 2*v - 20. Suppose -5 = -v*o + 130. Let x(l) = 2*l + 3. Let w be x(3). What is the greatest common divisor of o and w?
9
